 38 + (-2 + 1 - -2)?
20
22 + 0 + 1 + (-1276 - -1233)
-20
Evaluate (4 - (-7 - -14) - (4 + -8)) + 5.
6
What is the value of (-3 - 1 - (-60 + 65)) + -30 + -20?
-59
15 + (-11 - (-12 + -7) - 5 - 8)
10
Evaluate 659 - 605 - (18 - 3 - (4 - 4)).
39
What is 26 + 19 + -18 - (-12 + 30) - 3?
6
What is 49 - (((-5 - -9) + -4 - 5) + (7 - 10))?
57
What is the value of 28 + -2 - (54 + -53 - -24)?
1
Evaluate 1118 + -1023 + (3 - 201).
-103
Evaluate (-65 - -63) + (0 - 88) - (35 - 50 - -29).
-104
(17 - (-23 - -43) - -12) + 2 + -2
9
Evaluate (14 - ((0 - 20) + 27) - -4) + -8.
3
What is the value of 22 + 47 + (8 - 32) + -22?
23
What is (26 - 83) + 12 + 16 + 5?
-24
What is 5 - ((0 - -26) + -15 + -41)?
35
What is the value of -402 + 408 - (-17 + -1) - 23?
1
Calculate -25 - (48 - (41 - -9)).
-23
Calculate 25 - (-4 + 12 + -8) - 21.
4
Evaluate -3 + 0 - (-70 - 5 - -127).
-55
Evaluate 22 + (0 - 4) + (11 - (-38 + 61)).
6
Evaluate -75 - (55 - 117) - (47 + -1).
-59
What is the value of (4 - 0) + -7 - (52 - (9 - -6)) - -5?
-35
Evaluate 5 + -1 + 0 + 46 + -3 + -14.
33
Calculate (4 - (-1 + 5)) + -45 - (-269 + 261).
-37
28 - (1 - (-17 - -13) - -13)
10
Calculate 33 + (-18 - (-9 + -13 + 14)).
23
Evaluate 18 - ((72 - 67) + (8 - -3)).
2
What is 5 - (37 - 13) - (-10 + 9 - (8 - 1))?
-11
What is 16 - ((21 - 57) + 3 + 14)?
35
Calculate 8501 + -8451 - (112 + 2).
-64
34 - (36 + -55) - 44
9
What is the value of -22 - (-42 + 6 + 14 + -36)?
36
Calculate -4 + -2 + 2 + -6564 + 6460.
-108
Calculate 57 + -94 + 0 - (0 + -15).
-22
What is the value of 21 + -1 + (-11 - 0) + 36 + 1?
46
Evaluate (51 - 42) + (0 - 2 - -45) - -4.
56
What is -4 - -2 - (19 + 32)?
-53
(836 - 778) + (-2 - 66)
-10
What is the value of 19 + (67 - 105) + 2?
-17
What is (56 + -48 - 66) + -6?
-64
Evaluate 288 + -296 + (5 - 8) + -15.
-26
Evaluate -66 - ((2 - 1) + 20 + (34 - 57 - -1)).
-65
Evaluate (-18 - 0) + 13 - (-15 - (-4 - 8)).
-2
Calculate (-2 - 28) + 1 + (82 - (31 + 53)).
-31
(-98 - -39) + (301 - 311)
-69
-3 + 2 + (-8 - ((15 - 3) + -11))
-10
-846 + 899 + (-99 - -3)
-43
Evaluate -5 - 0 - (12 - ((-19 - -23) + 23)) - -23.
33
What is the value of (-41 - (52 + -12)) + 62?
-19
-50 + 2 - (-4 + 4 + -11 - -12 - 4)
-45
Calculate (-12 - -8) + 10 + -11 + (2 - -2) - -28.
27
(8 - 6) + (-66 - -72 - (49 + -1))
-40
Calculate 8 + 19 + (16 + -27 - 26) + 52.
42
Calculate -5 - (-13 - (11 - 17) - 36).
38
Evaluate (45 - 42 - -6) + (1 - -11) + -3.
18
What is (76 - -3) + -30 + -22?
27
-514 - -557 - (-14 + (-2 - -4) + -1 + 2)
54
What is -132 + (-14 - -68) - -123?
45
Evaluate 1 + 0 + -29 - (-21048 + 20936).
84
-1 - -1 - 21 - (0 + 14 - 0 - 14)
-21
What is -2 + (-1 - 9) - (-24 + 32 + -18) - 33?
-35
-7 + 29 + (-6 - (4 - (4 - -11)))
27
Evaluate 42 + 51 + -57 + (3 - (5 + -4) - 3).
35
Evaluate -34 + 45 + 6 + -14 + -11 + 10.
2
Evaluate 1 + -4 + 5 - (16 - (16 + 91 + -31)).
62
What is the value of (40 - 12 - (186 + -159)) + 0 + 103?
104
54 + (-42 - -18) + -33 + (0 - (4 - 6))
-1
What is the value of 3 + (-7 - 6) + -2 + (50 - -5) + 18?
61
What is the value of (-6 + 32 - 13 - 5) + (8 - -20) + 4?
40
Evaluate 36 + (18 - (-15 - -74) - -66).
61
-5 - (-8 - -16) - (-39 - (-28 + -28))
-30
Calculate -3 - (-3 - (-18 - -10 - -4)) - 20.
-24
Calculate -7 - (8 + 30 + (-22 - (-30 + 16))).
-37
Evaluate 18 + (3 - 2) + (963 - 1012).
-30
-373 + 44 + 339 - (-103 + 0)
113
What is the value of 22 - (0 + 1) - (106 + (57 - 160))?
18
Calculate -1 - -18 - (29 - (43 - (0 + -16))).
47
What is the value of -7 + (23 + -106 - -28)?
-62
Calculate (-1 - -33) + -2 + (-331 - -329).
28
Evaluate (12 - (6 + -11)) + -1 + (7 + -8 - 0).
15
What is -24 + 27 + -30 + (36 - 15)?
-6
What is -17 + 10 + -1 + (-12 - 11) + 14?
-17
Evaluate 13 + (-40 + -24 + 26 - -13) - (101 + 2).
-115
What is the value of -22 - (353 + -351 - (-10 + 2))?
-32
-45 - ((-42 - 13) + (32 - 3))
-19
What is the value of 20 + 17 + -21 + -4 - -1?
13
45 + (-13 - (11 + -11 + 10)) + 13
35
Evaluate 16 + (8 - (-27 + 23) - (1 + 2 - -5)).
20
Evaluate 32 - ((5 - -14) + -28 - 2).
43
-61 + (-22 + 13 - 0) + -28
-98
-2 - 30 - ((-56 - -80) + -162)
106
45 + 5 + 2 + -5 + -24 + 20
43
Calculate 0 - -6 - (7 + (-122 - -92 - (2 - -19))).
50
-452 - -450 - (-3 + 6 + -7) - -1
3
0 + (-3 - -4) + (0 - (-25 - (-13 - 0)))
13
What is (21 - 24) + (3 - (-6 + -19)) + (1 - 14)?
12
(11 + 15 + -10 - (8 + 25)) + -55
-72
What is the value of (2 - -15 - 2) + 9 + -4 + -49?
-29
(-2 + -24 - -107) + 27
108
What is the value of 1 - 11 - (-13 - (2 + 9))?
14
Calculate 102 + -30 + (35 - 97).
10
What is the value of (40 - 374) + 362 - (33 - -1)?
-6
(-66 - -70) + 94 + -1 + (6 - 27 - -20)
96
Evaluate (22 - (1 + -1)) + -35 + (-138 - -172).
21
What is the value of 1 + 13 + 23 + -13 + (1 - 9) + 1?
17
What is (19 - -6 - 7 - (4 - (3 + 0))) + 2?
19
Evaluate (-3 - -31) + (437 - 448).
17
Calculate (-1 - 6 - (59 + -62)) + 17 + 23.
36
(-2 - (176 + -194 + (-1 - (1 + -11)))) + -72
-65
What is the value of -34 - 0 - (46 - (19 - -12))?
-49
Evaluate 80 - ((-4 - (-9 - 0) - 19) + 18).
76
Evaluate 4 + 34 + -77 + 18 + -67.
-88
What is the value of -1 + (-5 - ((2 - -3) + (-43 - 1)))?
33
Evaluate 11 - (-1 - -1 - (98 - 102) - -6).
1
Evaluate -18 - 1 - (-79 + 57) - -22.
25
Evaluate -5566 - -5510 - (-106 - 2).
52
Evaluate 70 - (31 + (-17 - (8 + -6)) + -7).
65
12 + 1 + 19 + (-112 - -120)
40
Evaluate 1 + 9 + (-4 - (-13 - (-9 - -11)) - 58).
-37
What is the value of -21 + 0 + 101 + (-189 - -51)?
-58
What is -58 - (-171 + 49) - -32?
96
(131 - 131) + -59 - 10
-69
What is (-2 - 60) + (9 - 10) - (118 - 117)?
-64
15 + ((23 - 14) + 0 - 7) + -1
16
What is (35 - -21) + -19 - 45?
-8
What is the value of -2081 + 2069 + (3 + -2 + 1 - (-1 - -78))?
-87
What is the value of -1 - 13 - ((-83 - 7) + 58)?
18
What is the value of (87 + -42 - 83) + 39?
1
Evaluate 56 - (22 + (14 - -12 - 33)).
41
What is the value of -21 + 54 + -34 - (11 + 5 + -4 + 3)?
-16
What is the value of -1 + -28 - (6 + -3 + 2 + -1 + -2)?
-31
Evaluate -13 - (-22 - (-18 - -75)).
66
Calculate (-15 + -2 - (-138 - -111)) + (2 - 12).
0
Calculate -6350 - -6354 - (0 + 1 - (-3 + 4 - 3)).
1
What is -240 + (74 - -28) - -101?
-37
Evaluate (31 + 0 - -25) + -33.
23
Evaluate (3 - 0) + (-2 - 5 - (-31 - (4 - 1))).
30
Evaluate 14 + (-20 - -24) + -4 + -52.
-38
Calculate -2 - ((35 + -38 - (5 - 1)) + -2 + 31).
-24
What is (-86 - -64) + -15 - (-3 + 8)?
-42
What is -31 - (-443 - -408 - (-64 + 0))?
-60
What is (-3 - (2 - -1)) + 14 + -21 + 10?
-3
What is -62 + 107 + (-51 - -27)?
21
Calculate 1 + -35 + 2 - (-85 + 98 + 0).
-45
(-10 - (42 - 4)) + 21
-27
What is -28 + -17 + 11 + 4 + -4 + 9?
-25
Evaluate -60 + -1 - -1 - (36 - -8 - (69 - 16)).
-51
Evaluate 66 - (-18 - (19 + -25) - -45).
33
Calculate 8 + -8 - 11 - ((-18 - 6) + -39).
52
What is the value of -37 + -1 - (21 + 11 + -40 + (10 - -3))?
-43
What is the value of 9 - (-7 + 6) - (-131 - -103)?
38
(-85 - (-23 + -73)) + 0 + 0 + -8 - -40
43
Evaluate -1 + 0 + -2 + 3 + 44 + -18 + -9.
17
Calculate (12 - -1) + (758 - 787) + (-6 - -46).
24
What is the value of -10 - (47 + -25 + 4 + 13)?
-49
What is the value of (-5058 - -5104) + (1 - (74 + -2))?
-25
-3 - (11 - (9 + (7 - 4)))
-2
12 + 3 - 2 - 9 - (14 + -7)
-3
Calculate 65 + -41 + -36 + (-20 - -57).
25
Evaluate 38 - (-20 + 9 + 15 - -10).
24
What is 1 + -9 - (-2 + (-2 - -30) - (3621 - 3590))?
-3
-10 - -8 - -50 - (-9 + 0) - -14
71
What is (22 - -37) + -103 + 80?
36
Evaluate -3 - 0 - (59 + (5 - 4)) - (-203 + 209).
-69
50 + (-54 - -18 - 83)
-69
139 + (-1 - 12 - (-1101 - -1129))
98
(281 - 306) + -4 + 1 + 15 + -111
-124
Calculate 7 - (56 + -11) - (-8 + 14 - (-4 - -21)).
-27
What is the value of 1 + (1 - 2) + -4335 + 4406?
71
What is the value of (-103 - -96) + (44 - -9)?
46
What is the value of -25 + 133 + -88 - (32 + 1)?
-13
11 - (-7 - (4 + -16)) - (20 - 2)
-12
What is the value of 61 - (103 - 104) - 91?
-29
-59 + 48 + -54 - -58
-7
Evaluate -8 + 0 - (-447 - -451) - (11 + -1 + 0).
-22
What is 63 - (103 - (32 + 16))?
8
What is the value of -21 + (-22 - -85) + -12 + 43?
73
What is the value of -31 + 64 + -140 + 73?
-34
What is the value of (7 - (4 + 12)) + 42 + (-72 - -6)?
-33
101 - ((-134 - -125) + 15)
95
What is the value of 28 + -4 + -47 + 10 + -8 + 72?
51
What is -1 + 114 + -10 + -12 + (48 - 26) - 1?
112
-18 - (5 + (-8 - (-1 - 19)) + 31)
-66
What is the value of -4 + 2 + -35 + (9 + 48 - 64)?
-44
113 